factor of 12 and p?
12
Let t be (-291)/(-3) + -5 + 3. Let b = -87 + t. Let h(y) = -y**3 + 2*y**2 + 2. Let o be h(2). What is the highest common factor of o and b?
2
Let o = -10 + 10. Suppose 8*z - 4*z - 72 = o. Calculate the greatest common factor of z and 12.
6
Let s be (26/(-3))/13*-60. Calculate the greatest common factor of 136 and s.
8
Suppose -3*n - 204 = -4*o, o = 5*n - 2*n + 51. Let l be (-3)/1*o/9. Let c = 33 + l. Calculate the highest common factor of c and 80.
16
Let l be (-4)/3*21/(-14). Suppose -6 = 3*s, -3*z + l*s - 148 = -5*z. What is the highest common factor of z and 19?
19
Suppose 66*p = 71*p - 3*m - 72, 0 = 2*p + 2*m - 32. Calculate the highest common divisor of p and 45.
15
Let i be 2/(-8) + (38/95)/((-24)/(-75)). Let q(x) = 6*x + 1. Let m be q(1). Calculate the greatest common factor of m and i.
1
Suppose 2*g - 10 = 0, w - 2*g = 2 - 7. Suppose 3*n - 8*n - 16 = f, 0 = n - w*f - 2. Let l = 13 + n. Calculate the greatest common factor of 10 and l.
10
Let o(n) = -n**3 - 17*n**2 + 19*n + 18. Let q be o(-18). Suppose q = -3*x - 0*x + 12. What is the highest common factor of x and 1?
1
Let q(i) = i + i**3 + 6*i**2 + 2*i**2 + 9*i - 2*i**3. Suppose 0*s + s - 9 = 0. Let a be q(s). What is the greatest common divisor of 9 and a?
9
Suppose -3*n = -5*o, 2*o = o + 3*n. Suppose 3*x - 16 = -2*g, 16 = -4*g - o*g. Calculate the greatest common divisor of 64 and x.
8
Let n = -3 + -30. Let y = 3 - n. Let t = y + -30. Calculate the greatest common divisor of 30 and t.
6
Suppose -53 = -d - 55, -3*f + 20 = -d. Calculate the greatest common divisor of f and 52.
2
Let l(k) = 2*k - 10. Let v be l(6). Let x be (44 + 0/3)*v. Calculate the highest common divisor of x and 8.
8
Let l be 2/(-10) - 11/((-165)/63). Let u = 52 + -8. Calculate the highest common divisor of l and u.
4
Let s be 3/(-2) - 595/(-34). Suppose 4*d - 232 = 2*q, -2*q + s = -3*d + 192. What is the greatest common divisor of 42 and d?
14
Let t be (1 - 3)/(0 - -2). Let m(k) = -12*k. Let r be m(t). Let x = 27 - 23. Calculate the greatest common divisor of r and x.
4
Suppose 3*l - 1565 = -5*s, 2615 = 6*l - l + 5*s. What is the greatest common divisor of l and 600?
75
Let d(o) = -9*o - 51. Let f be d(-10). Calculate the highest common divisor of f and 39.
39
Let j(q) = -3*q**2 - 43*q - 20. Let m be j(-13). Calculate the highest common divisor of 352 and m.
32
Let x(c) = -7*c - 46. Let j be x(-8). What is the highest common divisor of 190 and j?
10
Let v(r) = 12*r - 259. Let n be v(23). What is the greatest common factor of 68 and n?
17
Let i = 222 + -167. Calculate the greatest common divisor of i and 15.
5
Suppose -4*p + h + 275 = 0, p - 5*h - 45 = -0*h. Suppose 0 = 3*r + 2*o - 70, 0 = -5*r - 5*o - 238 + 363. What is the greatest common divisor of r and p?
10
Suppose 2*j - 12 = -4*m, m + 25 = -5*j + 64. Suppose j*r + 660 = 13*r. Suppose 5*d - 48 = d. What is the highest common factor of r and d?
12
Let i = 42 - 40. Suppose -v + 20 = 5*q - 0, -i*v - 5 = q. Calculate the greatest common factor of 15 and q.
5
Let w = 0 + 5. Suppose 2 = b - w. What is the highest common divisor of 28 and b?
7
Let r be (-1)/(1/(-2)) - 116. Let w = -408 - -244. Let s = r - w. Calculate the greatest common factor of 10 and s.
10
Suppose -5*f - 3*n + 216 = -259, 0 = 2*f + 3*n - 181. Calculate the greatest common factor of f and 98.
98
Let d(q) = 77*q - 196. Let g be d(4). What is the greatest common divisor of g and 56?
56
Let f be 24/3*6/4. Let h be 4/6 + 4/3. Suppose -h*k + 24 = -0*k. Calculate the greatest common factor of k and f.
12
Let b be 1 - (0 + (4 - 7)). Let t be b/(-2)*1/(-1). Suppose t = 4*i - 6. Calculate the greatest common factor of 6 and i.
2
Let p(k) = 2*k + 26. Let u(w) = -w**3 + w. Let r be u(0). Let m be p(r). Calculate the greatest common divisor of m and 65.
13
Suppose 4*g - 821 = -5*h, 5*h - h - g - 661 = 0. Suppose -h = -2*y + 2*i + i, 4*y + 2*i - 338 = 0. Calculate the greatest common factor of 14 and y.
14
Suppose 0 = 16*p - 4*p - 84. Calculate the highest common divisor of 28 and p.
7
Let g be (((-696)/(-5))/(-6))/((-2)/10). Let w = -104 + g. What is the greatest common factor of w and 78?
6
Let k = -347 - -390. Calculate the highest common divisor of 43 and k.
43
Let z = 4 - -69. Suppose -4*h + 116 = t + 3*t, 2*t - z = -5*h. What is the greatest common divisor of t and 60?
12
Let o = 34 - 34. Let r be (-1 + o)*-80 + 0. Calculate the highest common factor of r and 16.
16
Let j(w) = 17*w**3 + 6*w**2 + 2*w - 7. Let v be j(3). What is the highest common divisor of v and 192?
64
Suppose -5*r + 27 = 4*r. Calculate the greatest common divisor of 28 and r.
1
Let x be (0 - -1 - -4) + -1. Suppose -x = -5*m + 4*m. Suppose -47 + 187 = m*p. What is the greatest common divisor of p and 7?
7
Let v(b) = -13*b - 14. Let n be v(9). Let w = -76 - n. What is the highest common factor of w and 11?
11
Let j be 2/(1*(-4)/(-106)). Let p = 158 - j. Suppose -4*a + 37 = -2*a + m, -5*a - 3*m + 90 = 0. Calculate the greatest common divisor of p and a.
21
Let t = -101 + 120. Let p(g) = -3*g**3 + g - 2. Let r be p(-3). What is the greatest common divisor of t and r?
19
Let t(d) = d + 89. Let v be t(-12). What is the greatest common factor of 14 and v?
7
Let o = 67 + -79. Let y be (-4 - o)*69/6. What is the greatest common divisor of 23 and y?
23
Let c be (41 - (-4 - -2)) + 1. Let v = 369 - 303. Calculate the highest common factor of c and v.
22
Suppose -4*j + 4*o = 8, 3*o - 4 = -2*j + 12. Let y = 38 - j. Suppose 4*x + 4 = y. Calculate the greatest common divisor of x and 8.
8
Let b be 6/(-16) + 14128/128 + 0. What is the highest common factor of 2090 and b?
110
Let l = 152 - 108. Let d be (-1)/(-1)*180/9. Suppose -j - d = -6*j. Calculate the greatest common factor of j and l.
4
Let b be (((-16)/(-6))/4)/((-3)/(-153)). Suppose -48 = -b*z + 30*z. What is the highest common factor of 108 and z?
12
Let b be 4/(-6) - 8*(-44)/24. What is the highest common factor of b and 322?
14
Suppose 4*m + 2*k - 58 = 0, 4*m + k - 28 = 33. What is the greatest common factor of m and 368?
16
Suppose 0 = -0*k - 2*k + 10. Suppose -k*r = -2*r - 510. What is the highest common factor of r and 68?
34
Let w = -196 - -231. What is the greatest common factor of 49 and w?
7
Let n = 407 + -15. Calculate the highest common divisor of n and 56.
56
Let i(s) = s**3 - 11*s**2 - 27*s + 13. Let b be i(13). Suppose -2*u = -5*v + 67, -4*u = 2*v - b*v - 46. Calculate the highest common divisor of 15 and v.
15
Let b(u) = u**2 - 7*u + 1. Let z be b(7). Let a(v) = -v**3 - 2*v**2 - v + 1. Let r be a(0). What is the greatest common factor of r and z?
1
Suppose -2*r - 5 = -17. Suppose -r*c = -c + 50. Let h be (-106)/c + (-3)/5. What is the highest common factor of 70 and h?
10
Suppose 0*n - 2*n = 0, 5*a + 3*n = 5. Let l be ((12/(-9) - -3)*18)/a. What is the greatest common factor of 20 and l?
10
Let y be (2 + 21/(-9))*(-1 - 23). Let s(t) = -t**3 + 8*t**2 + 2*t + 4. Let v be s(y). What is the greatest common divisor of 20 and v?
20
Let o = -287 - -320. What is the greatest common factor of 253 and o?
11
Suppose 11*f - 13*f = a - 19, 4*f - 3*a = 23. Calculate the highest common factor of 8 and f.
8
Let v(j) = -j**3 - 5*j**2 + 3*j - 13. Let q be v(-6). Suppose -2*c + q*c = 72. Calculate the highest common divisor of 60 and c.
12
Let a(b) = b**2 + 27*b + 17. Let n be a(0). What is the greatest common divisor of n and 1819?
17
Let f = 9 + -6. Suppose 0 = -f*p + 43 + 119. Calculate the highest common divisor of p and 6.
6
Suppose 4*p = 4*h + 312, -28*h = 4*p - 23*h - 312. What is the greatest common divisor of 6 and p?
6
Let j be (-1038)/(-13) + 20/130. Suppose -6*c + 100 = -j. What is the greatest common factor of 270 and c?
30
Let j = -1225 - -1320. Suppose 3*y + 4 = 19. What is the highest common factor of j and y?
5
Suppose 0 = 3*n - 14 - 4. Let c(f) = -f + 1. Let i be c(-13). Let u = -5 + i. What is the greatest common divisor of u and n?
3
Suppose 2*d - 12 = 3*d. Let a = d - -22. What is the greatest common factor of a and 70?
10
Let a be (6 + 0)/((-22)/(-253)). Calculate the highest common divisor of 92 and a.
23
Suppose -4*y + 2*n = -334 - 216, 0 = -4*n - 12. What is the greatest common divisor of y and 238?
34
Let d be 4 + -2 + (0 - 2). Suppose 4*w - 9 